{"id":98,"date":"2024-09-09T15:23:56","date_gmt":"2024-09-09T20:23:56","guid":{"rendered":"https:\/\/institutoapec.edu.pa\/?page_id=98"},"modified":"2024-10-08T12:05:26","modified_gmt":"2024-10-08T17:05:26","slug":"curso-de-peinados-y-trenzas","status":"publish","type":"page","link":"https:\/\/institutoapec.edu.pa\/?page_id=98","title":{"rendered":"Curso de Peinados y trenzas"},"content":{"rendered":"\t\t<div data-elementor-type=\"wp-page\" data-elementor-id=\"98\" class=\"elementor elementor-98\">\n\t\t\t\t<div class=\"elementor-element elementor-element-54ce9d6 e-con-full e-flex e-con e-parent\" data-id=\"54ce9d6\" data-element_type=\"container\" data-settings=\"{&quot;background_background&quot;:&quot;video&quot;,&quot;background_video_link&quot;:&quot;https:\\\/\\\/youtu.be\\\/b6T3sQgQKbY&quot;,&quot;background_video_start&quot;:1,&quot;background_play_on_mobile&quot;:&quot;yes&quot;}\">\n\t\t<div class=\"elementor-background-video-container\">\n\t\t\t\t\t\t\t<div class=\"elementor-background-video-embed\"><\/div>\n\t\t\t\t\t\t<\/div>\t\t<div class=\"elementor-element elementor-element-c86c0de elementor-widget elementor-widget-spacer\" data-id=\"c86c0de\" data-element_type=\"widget\" data-widget_type=\"spacer.default\">\n\t\t\t\t<div class=\"elementor-widget-container\">\n\t\t\t<style>\/*! elementor - v3.23.0 - 05-08-2024 *\/\n.elementor-column .elementor-spacer-inner{height:var(--spacer-size)}.e-con{--container-widget-width:100%}.e-con-inner>.elementor-widget-spacer,.e-con>.elementor-widget-spacer{width:var(--container-widget-width,var(--spacer-size));--align-self:var(--container-widget-align-self,initial);--flex-shrink:0}.e-con-inner>.elementor-widget-spacer>.elementor-widget-container,.e-con>.elementor-widget-spacer>.elementor-widget-container{height:100%;width:100%}.e-con-inner>.elementor-widget-spacer>.elementor-widget-container>.elementor-spacer,.e-con>.elementor-widget-spacer>.elementor-widget-container>.elementor-spacer{height:100%}.e-con-inner>.elementor-widget-spacer>.elementor-widget-container>.elementor-spacer>.elementor-spacer-inner,.e-con>.elementor-widget-spacer>.elementor-widget-container>.elementor-spacer>.elementor-spacer-inner{height:var(--container-widget-height,var(--spacer-size))}.e-con-inner>.elementor-widget-spacer.elementor-widget-empty,.e-con>.elementor-widget-spacer.elementor-widget-empty{position:relative;min-height:22px;min-width:22px}.e-con-inner>.elementor-widget-spacer.elementor-widget-empty .elementor-widget-empty-icon,.e-con>.elementor-widget-spacer.elementor-widget-empty .elementor-widget-empty-icon{position:absolute;top:0;bottom:0;left:0;right:0;margin:auto;padding:0;width:22px;height:22px}<\/style>\t\t<div class=\"elementor-spacer\">\n\t\t\t<div class=\"elementor-spacer-inner\"><\/div>\n\t\t<\/div>\n\t\t\t\t<\/div>\n\t\t\t\t<\/div>\n\t\t\t\t<div class=\"elementor-element elementor-element-88a5195 elementor-widget elementor-widget-heading\" data-id=\"88a5195\" data-element_type=\"widget\" data-widget_type=\"heading.default\">\n\t\t\t\t<div class=\"elementor-widget-container\">\n\t\t\t<style>\/*! elementor - v3.23.0 - 05-08-2024 *\/\n.elementor-heading-title{padding:0;margin:0;line-height:1}.elementor-widget-heading .elementor-heading-title[class*=elementor-size-]>a{color:inherit;font-size:inherit;line-height:inherit}.elementor-widget-heading .elementor-heading-title.elementor-size-small{font-size:15px}.elementor-widget-heading .elementor-heading-title.elementor-size-medium{font-size:19px}.elementor-widget-heading .elementor-heading-title.elementor-size-large{font-size:29px}.elementor-widget-heading .elementor-heading-title.elementor-size-xl{font-size:39px}.elementor-widget-heading .elementor-heading-title.elementor-size-xxl{font-size:59px}<\/style><h2 class=\"elementor-heading-title elementor-size-default\">MATRICULAS ABIERTAS<\/h2>\t\t<\/div>\n\t\t\t\t<\/div>\n\t\t\t\t<div class=\"elementor-element elementor-element-5c47175e elementor-widget elementor-widget-text-editor\" data-id=\"5c47175e\" data-element_type=\"widget\" data-widget_type=\"text-editor.default\">\n\t\t\t\t<div class=\"elementor-widget-container\">\n\t\t\t<style>\/*! elementor - v3.23.0 - 05-08-2024 *\/\n.elementor-widget-text-editor.elementor-drop-cap-view-stacked .elementor-drop-cap{background-color:#69727d;color:#fff}.elementor-widget-text-editor.elementor-drop-cap-view-framed .elementor-drop-cap{color:#69727d;border:3px solid;background-color:transparent}.elementor-widget-text-editor:not(.elementor-drop-cap-view-default) .elementor-drop-cap{margin-top:8px}.elementor-widget-text-editor:not(.elementor-drop-cap-view-default) .elementor-drop-cap-letter{width:1em;height:1em}.elementor-widget-text-editor .elementor-drop-cap{float:left;text-align:center;line-height:1;font-size:50px}.elementor-widget-text-editor .elementor-drop-cap-letter{display:inline-block}<\/style>\t\t\t\t<h4><span style=\"color: #fbf7f7; font-size: 26px; font-weight: 400;\">Cursos de peluqueria, orientados a la formaci\u00f3n profesional en la primerea etapa educativa.<\/span><\/h4>\t\t\t\t\t\t<\/div>\n\t\t\t\t<\/div>\n\t\t\t\t<div class=\"elementor-element elementor-element-10376a20 elementor-align-center elementor-widget elementor-widget-button\" data-id=\"10376a20\" data-element_type=\"widget\" data-widget_type=\"button.default\">\n\t\t\t\t<div class=\"elementor-widget-container\">\n\t\t\t\t\t<div class=\"elementor-button-wrapper\">\n\t\t\t<a class=\"elementor-button elementor-button-link elementor-size-sm\" href=\"http:\/\/wa.link\/tc9dep\">\n\t\t\t\t\t\t<span class=\"elementor-button-content-wrapper\">\n\t\t\t\t\t\t\t\t\t<span class=\"elementor-button-text\">Contacto<\/span>\n\t\t\t\t\t<\/span>\n\t\t\t\t\t<\/a>\n\t\t<\/div>\n\t\t\t\t<\/div>\n\t\t\t\t<\/div>\n\t\t\t\t<\/div>\n\t\t<div class=\"elementor-element elementor-element-3fe96bb0 e-flex e-con-boxed e-con e-parent\" data-id=\"3fe96bb0\" data-element_type=\"container\">\n\t\t\t\t\t<div class=\"e-con-inner\">\n\t\t<div class=\"elementor-element elementor-element-1c6bb022 e-con-full e-flex e-con e-child\" data-id=\"1c6bb022\" data-element_type=\"container\">\n\t\t<div class=\"elementor-element elementor-element-fb62f85 e-con-full e-flex e-con e-child\" data-id=\"fb62f85\" data-element_type=\"container\">\n\t\t\t\t<div class=\"elementor-element elementor-element-677d8b52 elementor-widget elementor-widget-image\" data-id=\"677d8b52\" data-element_type=\"widget\" data-widget_type=\"image.default\">\n\t\t\t\t<div class=\"elementor-widget-container\">\n\t\t\t<style>\/*! elementor - v3.23.0 - 05-08-2024 *\/\n.elementor-widget-image{text-align:center}.elementor-widget-image a{display:inline-block}.elementor-widget-image a img[src$=\".svg\"]{width:48px}.elementor-widget-image img{vertical-align:middle;display:inline-block}<\/style>\t\t\t\t\t\t\t\t\t\t<img fetchpriority=\"high\" decoding=\"async\" width=\"1024\" height=\"1024\" src=\"https:\/\/institutoapec.edu.pa\/wp-content\/uploads\/2024\/10\/APEC-SSWAASMesa-de-trabajo-14-1024x1024.png\" class=\"elementor-animation-bounce-in attachment-large size-large wp-image-1066\" alt=\"\" srcset=\"https:\/\/institutoapec.edu.pa\/wp-content\/uploads\/2024\/10\/APEC-SSWAASMesa-de-trabajo-14-1024x1024.png 1024w, https:\/\/institutoapec.edu.pa\/wp-content\/uploads\/2024\/10\/APEC-SSWAASMesa-de-trabajo-14-300x300.png 300w, https:\/\/institutoapec.edu.pa\/wp-content\/uploads\/2024\/10\/APEC-SSWAASMesa-de-trabajo-14-150x150.png 150w, https:\/\/institutoapec.edu.pa\/wp-content\/uploads\/2024\/10\/APEC-SSWAASMesa-de-trabajo-14-768x768.png 768w, https:\/\/institutoapec.edu.pa\/wp-content\/uploads\/2024\/10\/APEC-SSWAASMesa-de-trabajo-14-1536x1536.png 1536w, https:\/\/institutoapec.edu.pa\/wp-content\/uploads\/2024\/10\/APEC-SSWAASMesa-de-trabajo-14.png 1920w\" sizes=\"(max-width: 1024px) 100vw, 1024px\" \/>\t\t\t\t\t\t\t\t\t\t\t\t\t<\/div>\n\t\t\t\t<\/div>\n\t\t\t\t<\/div>\n\t\t\t\t<\/div>\n\t\t<div class=\"elementor-element elementor-element-6e146e5b e-con-full e-flex e-con e-child\" data-id=\"6e146e5b\" data-element_type=\"container\">\n\t\t\t\t<div class=\"elementor-element elementor-element-519d41fe elementor-widget elementor-widget-spacer\" data-id=\"519d41fe\" data-element_type=\"widget\" data-widget_type=\"spacer.default\">\n\t\t\t\t<div class=\"elementor-widget-container\">\n\t\t\t\t\t<div class=\"elementor-spacer\">\n\t\t\t<div class=\"elementor-spacer-inner\"><\/div>\n\t\t<\/div>\n\t\t\t\t<\/div>\n\t\t\t\t<\/div>\n\t\t\t\t<div class=\"elementor-element elementor-element-c574583 elementor-widget elementor-widget-heading\" data-id=\"c574583\" data-element_type=\"widget\" data-widget_type=\"heading.default\">\n\t\t\t\t<div class=\"elementor-widget-container\">\n\t\t\t<h2 class=\"elementor-heading-title elementor-size-default\">Peluquer\u00eda Profesional<\/h2>\t\t<\/div>\n\t\t\t\t<\/div>\n\t\t\t\t<div class=\"elementor-element elementor-element-449e7ab8 elementor-widget elementor-widget-heading\" data-id=\"449e7ab8\" data-element_type=\"widget\" data-widget_type=\"heading.default\">\n\t\t\t\t<div class=\"elementor-widget-container\">\n\t\t\t<h3 class=\"elementor-heading-title elementor-size-default\">\u00bfPorque un curso de Peluquer\u00eda?<\/h3>\t\t<\/div>\n\t\t\t\t<\/div>\n\t\t\t\t<div class=\"elementor-element elementor-element-2d927694 elementor-widget elementor-widget-text-editor\" data-id=\"2d927694\" data-element_type=\"widget\" data-widget_type=\"text-editor.default\">\n\t\t\t\t<div class=\"elementor-widget-container\">\n\t\t\t\t\t\t\t<p>Tomar un curso de peluquer\u00eda te abre las puertas a una carrera creativa y en constante crecimiento. Adem\u00e1s, es una excelente oportunidad para emprender tu propio negocio, generar ingresos de manera r\u00e1pida y tener flexibilidad laboral. Al convertirte en peluquero profesional, tambi\u00e9n tendr\u00e1s la posibilidad de influir positivamente en la imagen y autoestima de tus clientes, haciendo de tu pasi\u00f3n por la belleza una fuente de satisfacci\u00f3n y estabilidad econ\u00f3mica.<\/p>\t\t\t\t\t\t<\/div>\n\t\t\t\t<\/div>\n\t\t\t\t<div class=\"elementor-element elementor-element-4bcf0cbd elementor-mobile-align-center elementor-invisible elementor-widget elementor-widget-button\" data-id=\"4bcf0cbd\" data-element_type=\"widget\" data-settings=\"{&quot;_animation&quot;:&quot;fadeInDown&quot;}\" data-widget_type=\"button.default\">\n\t\t\t\t<div class=\"elementor-widget-container\">\n\t\t\t\t\t<div class=\"elementor-button-wrapper\">\n\t\t\t<a class=\"elementor-button elementor-button-link elementor-size-sm\" href=\"http:\/\/wa.link\/tc9dep\">\n\t\t\t\t\t\t<span class=\"elementor-button-content-wrapper\">\n\t\t\t\t\t\t\t\t\t<span class=\"elementor-button-text\">Matricularme<\/span>\n\t\t\t\t\t<\/span>\n\t\t\t\t\t<\/a>\n\t\t<\/div>\n\t\t\t\t<\/div>\n\t\t\t\t<\/div>\n\t\t\t\t<\/div>\n\t\t\t\t\t<\/div>\n\t\t\t\t<\/div>\n\t\t<div class=\"elementor-element elementor-element-30358528 e-flex e-con-boxed e-con e-parent\" data-id=\"30358528\" data-element_type=\"container\">\n\t\t\t\t\t<div class=\"e-con-inner\">\n\t\t\t\t<div class=\"elementor-element elementor-element-7d0e2085 elementor-widget elementor-widget-spacer\" data-id=\"7d0e2085\" data-element_type=\"widget\" data-widget_type=\"spacer.default\">\n\t\t\t\t<div class=\"elementor-widget-container\">\n\t\t\t\t\t<div class=\"elementor-spacer\">\n\t\t\t<div class=\"elementor-spacer-inner\"><\/div>\n\t\t<\/div>\n\t\t\t\t<\/div>\n\t\t\t\t<\/div>\n\t\t\t\t\t<\/div>\n\t\t\t\t<\/div>\n\t\t<div class=\"elementor-element elementor-element-470b898a e-con-full e-flex e-con e-parent\" data-id=\"470b898a\" data-element_type=\"container\" data-settings=\"{&quot;background_background&quot;:&quot;classic&quot;}\">\n\t\t<div class=\"elementor-element elementor-element-1f0c988f e-con-full e-flex e-con e-child\" data-id=\"1f0c988f\" data-element_type=\"container\">\n\t\t\t\t<div class=\"elementor-element elementor-element-12c6026a elementor-widget elementor-widget-heading\" data-id=\"12c6026a\" data-element_type=\"widget\" data-widget_type=\"heading.default\">\n\t\t\t\t<div class=\"elementor-widget-container\">\n\t\t\t<h2 class=\"elementor-heading-title elementor-size-default\">REQUISITOS<\/h2>\t\t<\/div>\n\t\t\t\t<\/div>\n\t\t\t\t<div class=\"elementor-element elementor-element-999087a elementor-widget elementor-widget-text-editor\" data-id=\"999087a\" data-element_type=\"widget\" data-widget_type=\"text-editor.default\">\n\t\t\t\t<div class=\"elementor-widget-container\">\n\t\t\t\t\t\t\t<ul><li>Copia de la C\u00e9dula o Pasaporte.\u00a0<\/li><li>Llenar el formulario de ingreso a al curso<\/li><\/ul>\t\t\t\t\t\t<\/div>\n\t\t\t\t<\/div>\n\t\t\t\t<\/div>\n\t\t<div class=\"elementor-element elementor-element-35c1f92b e-con-full e-flex e-con e-child\" data-id=\"35c1f92b\" data-element_type=\"container\">\n\t\t\t\t<div class=\"elementor-element elementor-element-46f564ee elementor-widget elementor-widget-heading\" data-id=\"46f564ee\" data-element_type=\"widget\" data-widget_type=\"heading.default\">\n\t\t\t\t<div class=\"elementor-widget-container\">\n\t\t\t<h2 class=\"elementor-heading-title elementor-size-default\">REQUISITOS<\/h2>\t\t<\/div>\n\t\t\t\t<\/div>\n\t\t\t\t<div class=\"elementor-element elementor-element-726436af elementor-widget elementor-widget-text-editor\" data-id=\"726436af\" data-element_type=\"widget\" data-widget_type=\"text-editor.default\">\n\t\t\t\t<div class=\"elementor-widget-container\">\n\t\t\t\t\t\t\t<p><a href=\"https:\/\/institutoapec.edu.pa\/wp-content\/uploads\/2024\/10\/APEC_Curso-Peluqueria.pdf\">DescargaPDF<\/a><\/p>\t\t\t\t\t\t<\/div>\n\t\t\t\t<\/div>\n\t\t\t\t<div class=\"elementor-element elementor-element-7823878f elementor-widget elementor-widget-heading\" data-id=\"7823878f\" data-element_type=\"widget\" data-widget_type=\"heading.default\">\n\t\t\t\t<div class=\"elementor-widget-container\">\n\t\t\t<h2 class=\"elementor-heading-title elementor-size-default\">Duraci\u00f3n <\/h2>\t\t<\/div>\n\t\t\t\t<\/div>\n\t\t\t\t<div class=\"elementor-element elementor-element-6882a8f elementor-widget elementor-widget-text-editor\" data-id=\"6882a8f\" data-element_type=\"widget\" data-widget_type=\"text-editor.default\">\n\t\t\t\t<div class=\"elementor-widget-container\">\n\t\t\t\t\t\t\t<p>8 Meses<\/p>\t\t\t\t\t\t<\/div>\n\t\t\t\t<\/div>\n\t\t\t\t<\/div>\n\t\t<div class=\"elementor-element elementor-element-6087a715 e-con-full e-flex e-con e-child\" data-id=\"6087a715\" data-element_type=\"container\">\n\t\t\t\t<div class=\"elementor-element elementor-element-6501c8a6 elementor-widget elementor-widget-heading\" data-id=\"6501c8a6\" data-element_type=\"widget\" data-widget_type=\"heading.default\">\n\t\t\t\t<div class=\"elementor-widget-container\">\n\t\t\t<h2 class=\"elementor-heading-title elementor-size-default\">CAMPO LABORAL<\/h2>\t\t<\/div>\n\t\t\t\t<\/div>\n\t\t\t\t<div class=\"elementor-element elementor-element-132ab43b elementor-widget elementor-widget-text-editor\" data-id=\"132ab43b\" data-element_type=\"widget\" data-widget_type=\"text-editor.default\">\n\t\t\t\t<div class=\"elementor-widget-container\">\n\t\t\t\t\t\t\t<p>Podr\u00e1s dominar t\u00e9cnicas avanzadas de corte, peinado, coloraci\u00f3n y tratamientos capilares, habilidades muy demandadas en el mercado.<\/p>\t\t\t\t\t\t<\/div>\n\t\t\t\t<\/div>\n\t\t\t\t<\/div>\n\t\t\t\t<\/div>\n\t\t<div class=\"elementor-element elementor-element-2a6230fa e-flex e-con-boxed e-con e-parent\" data-id=\"2a6230fa\" data-element_type=\"container\" data-settings=\"{&quot;background_background&quot;:&quot;slideshow&quot;,&quot;background_slideshow_gallery&quot;:[{&quot;id&quot;:253,&quot;url&quot;:&quot;https:\\\/\\\/institutoapec.edu.pa\\\/wp-content\\\/uploads\\\/2024\\\/09\\\/5-3.jpg&quot;},{&quot;id&quot;:36,&quot;url&quot;:&quot;https:\\\/\\\/institutoapec.edu.pa\\\/wp-content\\\/uploads\\\/2024\\\/09\\\/4.jpg&quot;}],&quot;background_slideshow_loop&quot;:&quot;yes&quot;,&quot;background_slideshow_slide_duration&quot;:5000,&quot;background_slideshow_slide_transition&quot;:&quot;fade&quot;,&quot;background_slideshow_transition_duration&quot;:500}\">\n\t\t\t\t\t<div class=\"e-con-inner\">\n\t\t<div class=\"elementor-element elementor-element-675d422a e-con-full e-flex e-con e-child\" data-id=\"675d422a\" data-element_type=\"container\">\n\t\t<div class=\"elementor-element elementor-element-198ce3e2 e-con-full e-flex e-con e-child\" data-id=\"198ce3e2\" data-element_type=\"container\">\n\t\t\t\t<div class=\"elementor-element elementor-element-7a9a43fc elementor-widget elementor-widget-spacer\" data-id=\"7a9a43fc\" data-element_type=\"widget\" data-widget_type=\"spacer.default\">\n\t\t\t\t<div class=\"elementor-widget-container\">\n\t\t\t\t\t<div class=\"elementor-spacer\">\n\t\t\t<div class=\"elementor-spacer-inner\"><\/div>\n\t\t<\/div>\n\t\t\t\t<\/div>\n\t\t\t\t<\/div>\n\t\t\t\t<div class=\"elementor-element elementor-element-133bdb9f elementor-widget elementor-widget-heading\" data-id=\"133bdb9f\" data-element_type=\"widget\" data-widget_type=\"heading.default\">\n\t\t\t\t<div class=\"elementor-widget-container\">\n\t\t\t<h3 class=\"elementor-heading-title elementor-size-default\">PERFIL DEL EGRESADO<\/h3>\t\t<\/div>\n\t\t\t\t<\/div>\n\t\t\t\t<div class=\"elementor-element elementor-element-2893eeb3 elementor-widget elementor-widget-text-editor\" data-id=\"2893eeb3\" data-element_type=\"widget\" data-widget_type=\"text-editor.default\">\n\t\t\t\t<div class=\"elementor-widget-container\">\n\t\t\t\t\t\t\t<p class=\"ql-align-justify\" style=\"font-size: 16px; font-style: normal; font-weight: 400; color: #181717; text-align: start;\">Es un curso con alta salida laboral que le permite al egresado, trabajar en las mejores cadenas de peluquer\u00edas como as\u00ed tambi\u00e9n trabajar en forma independiente, totalmente auto gestionable y pr\u00e1ctico.<\/p><div>\u00a0<\/div>\t\t\t\t\t\t<\/div>\n\t\t\t\t<\/div>\n\t\t\t\t<\/div>\n\t\t\t\t<div class=\"elementor-element elementor-element-5ed99a9f elementor-widget elementor-widget-text-editor\" data-id=\"5ed99a9f\" data-element_type=\"widget\" data-widget_type=\"text-editor.default\">\n\t\t\t\t<div class=\"elementor-widget-container\">\n\t\t\t\t\t\t\t<p class=\"ql-align-justify\">El egresado del curso en belleza profesional estar\u00e1 capacitado para:<\/p><ul><li class=\"ql-align-justify\">Reconocer las diferentes herramientas de trabajao y para que sirven cada una de ellas.<\/li><li class=\"ql-align-justify\">Realizar diagn\u00f3stico capilar y sugerir tratamientos de cuidado y embellecimiento<\/li><li class=\"ql-align-justify\">Brindar sugerencias de cortes de los beneficien<\/li><li class=\"ql-align-justify\">Dise\u00f1ar propuestas de color apegadas a las t\u00e9cnicas modernas presentes en el mercado<\/li><li class=\"ql-align-justify\">Identificar los diferentes tipos de rostro y hacer sugerencias en maquillaje y dise\u00f1o de miradas<\/li><li>Asesor\u00eda de peinados segun sus necesidades y caracter\u00edsticas fisicas.<\/li><li>Ofrecer servicios manicura y pedicura y t\u00e9cnicas de acrilicos apegadas a las \u00faltimas tendencias<\/li><\/ul>\t\t\t\t\t\t<\/div>\n\t\t\t\t<\/div>\n\t\t\t\t<\/div>\n\t\t\t\t\t<\/div>\n\t\t\t\t<\/div>\n\t\t\t\t<\/div>\n\t\t","protected":false},"excerpt":{"rendered":"<p>MATRICULAS ABIERTAS Cursos de peluqueria, orientados a la formaci\u00f3n profesional en la primerea etapa educativa. Contacto Peluquer\u00eda Profesional \u00bfPorque un [&hellip;]<\/p>\n","protected":false},"author":1,"featured_media":0,"parent":0,"menu_order":0,"comment_status":"closed","ping_status":"closed","template":"elementor_header_footer","meta":{"site-sidebar-layout":"no-sidebar","site-content-layout":"","ast-site-content-layout":"full-width-container","site-content-style":"default","site-sidebar-style":"default","ast-global-header-display":"","ast-banner-title-visibility":"","ast-main-header-display":"","ast-hfb-above-header-display":"","ast-hfb-below-header-display":"","ast-hfb-mobile-header-display":"","site-post-title":"disabled","ast-breadcrumbs-content":"","ast-featured-img":"disabled","footer-sml-layout":"","theme-transparent-header-meta":"","adv-header-id-meta":"","stick-header-meta":"","header-above-stick-meta":"","header-main-stick-meta":"","header-below-stick-meta":"","astra-migrate-meta-layouts":"default","ast-page-background-enabled":"default","ast-page-background-meta":{"desktop":{"background-color":"var(--ast-global-color-4)","background-image":"","background-repeat":"repeat","background-position":"center center","background-size":"auto","background-attachment":"scroll","background-type":"","background-media":"","overlay-type":"","overlay-color":"","overlay-opacity":"","overlay-gradient":""},"tablet":{"background-color":"","background-image":"","background-repeat":"repeat","background-position":"center center","background-size":"auto","background-attachment":"scroll","background-type":"","background-media":"","overlay-type":"","overlay-color":"","overlay-opacity":"","overlay-gradient":""},"mobile":{"background-color":"","background-image":"","background-repeat":"repeat","background-position":"center center","background-size":"auto","background-attachment":"scroll","background-type":"","background-media":"","overlay-type":"","overlay-color":"","overlay-opacity":"","overlay-gradient":""}},"ast-content-background-meta":{"desktop":{"background-color":"var(--ast-global-color-5)","background-image":"","background-repeat":"repeat","background-position":"center center","background-size":"auto","background-attachment":"scroll","background-type":"","background-media":"","overlay-type":"","overlay-color":"","overlay-opacity":"","overlay-gradient":""},"tablet":{"background-color":"var(--ast-global-color-5)","background-image":"","background-repeat":"repeat","background-position":"center center","background-size":"auto","background-attachment":"scroll","background-type":"","background-media":"","overlay-type":"","overlay-color":"","overlay-opacity":"","overlay-gradient":""},"mobile":{"background-color":"var(--ast-global-color-5)","background-image":"","background-repeat":"repeat","background-position":"center center","background-size":"auto","background-attachment":"scroll","background-type":"","background-media":"","overlay-type":"","overlay-color":"","overlay-opacity":"","overlay-gradient":""}},"footnotes":""},"class_list":["post-98","page","type-page","status-publish","hentry"],"_links":{"self":[{"href":"https:\/\/institutoapec.edu.pa\/index.php?rest_route=\/wp\/v2\/pages\/98"}],"collection":[{"href":"https:\/\/institutoapec.edu.pa\/index.php?rest_route=\/wp\/v2\/pages"}],"about":[{"href":"https:\/\/institutoapec.edu.pa\/index.php?rest_route=\/wp\/v2\/types\/page"}],"author":[{"embeddable":true,"href":"https:\/\/institutoapec.edu.pa\/index.php?rest_route=\/wp\/v2\/users\/1"}],"replies":[{"embeddable":true,"href":"https:\/\/institutoapec.edu.pa\/index.php?rest_route=%2Fwp%2Fv2%2Fcomments&post=98"}],"version-history":[{"count":31,"href":"https:\/\/institutoapec.edu.pa\/index.php?rest_route=\/wp\/v2\/pages\/98\/revisions"}],"predecessor-version":[{"id":1302,"href":"https:\/\/institutoapec.edu.pa\/index.php?rest_route=\/wp\/v2\/pages\/98\/revisions\/1302"}],"wp:attachment":[{"href":"https:\/\/institutoapec.edu.pa\/index.php?rest_route=%2Fwp%2Fv2%2Fmedia&parent=98"}],"curies":[{"name":"wp","href":"https:\/\/api.w.org\/{rel}","templated":true}]}}